 the greatest common factor of g and n?
17
Let p be (5 + (-319)/66)*(2 - -1)*4872. What is the highest common factor of p and 756?
84
Suppose -3*q = -0*q - 336. Let x = -32 + 4. Let l be (x/2)/((-3)/2 + 1). Calculate the greatest common factor of l and q.
28
Let w = -365586 - -365610. Suppose -3*j - k = -63 - 24, 5*j - 144 = -2*k. What is the highest common factor of w and j?
6
Suppose -39*r + 42*r - 180 = 0. Suppose p - 5 = 2*a, -2*p = p + 3*a - r. What is the greatest common factor of p and 45?
15
Suppose 2*k - x = 29, 4*x = -2*k - x + 59. What is the highest common factor of 1309 and k?
17
Let k be 1/(-7) + (-53130)/(-98) + -2. What is the highest common divisor of 384 and k?
12
Let z(n) = 5*n - 36. Suppose 0 = 3*g + 5*j - 4*j + 33, 11 = -g + 5*j. Let x be z(g). Let r = x - -217. What is the highest common divisor of r and 21?
21
Let w be ((-4624)/24)/(-17)*168/28. Let j be (-201)/(-3) + 1 + 0. Calculate the highest common factor of w and j.
68
Let g be -9*(-52 + 8 - (0 + -2)). What is the highest common factor of g and 81?
27
Suppose 0 = 34*d - 41*d + 98. Calculate the highest common factor of 973 and d.
7
Suppose -4*n + 9*n - 77 = -v, 2*n - 20 = 5*v. Let f be (1 - 6/9)/(n/1530). Calculate the greatest common divisor of f and 272.
34
Let y(z) = 5*z**3 - 29*z**2 + 618*z - 3727. Let f be y(6). Suppose v = -v + 8. Suppose -102 - 170 = -v*k. Calculate the highest common divisor of k and f.
17
Suppose -15257 = -46*z + 35*z. What is the highest common divisor of z and 219?
73
Let l = -93 - -98. Suppose 0 = -l*v + 55 + 20. What is the highest common factor of 5 and v?
5
Suppose 0 = 3*z + 5*j - 73, -5*z + 55 = 4*j - 71. Let a = -88 + 105. Let l = z - a. Calculate the highest common factor of l and 3.
3
Let n be 0/(6 - (-6 + 10)). Suppose n = 37*v - 19*v - 378. Calculate the highest common divisor of v and 70.
7
Let p = -9887 + 13380. Calculate the greatest common factor of p and 28.
7
Suppose -5*u + 36 = 5*w + 6, 3*u = 0. Let c be (74/w)/((-10)/(-60)). Calculate the greatest common divisor of c and 666.
74
Let v = 174 + 78. Let q(u) = -3*u**3 + 90*u**2 + 7*u - 42. Let l be q(30). Calculate the highest common factor of l and v.
84
Let n be (7328/26 - (-88)/572) + 7. What is the highest common divisor of 102 and n?
17
Let b = -1409 - -1979. Calculate the greatest common divisor of b and 304.
38
Suppose 4*m - 1964 = -0*m + 4*w, 0 = w - 6. What is the greatest common factor of 3408 and m?
71
Let q(p) = -780*p**3 - 2*p**2 - p + 1. Let l be q(-1). Suppose -64*d = 60*d - 133*d + 540. What is the greatest common factor of l and d?
60
Suppose -89*z + 5*z + 15876 = 0. Calculate the highest common factor of 513 and z.
27
Suppose -2*m = -67*b + 63*b - 816, 4*m - b - 1604 = 0. What is the greatest common divisor of 368 and m?
16
Let q be ((-13)/39)/((-2)/(-24)). Let o be -2 + ((-16)/q - -11). Let v be 2/4*(1 + 25). Calculate the greatest common factor of v and o.
13
Suppose -504 = -483*i + 5292. Calculate the highest common factor of 1542 and i.
6
Let x be (-1)/(-3)*(9 + 0 - -543). Let b be 4/(-2) + 50/2. Calculate the highest common factor of b and x.
23
Suppose 87 = s - 85. Let v(c) = -c**3 + 5*c**2 + 7*c + 8. Suppose 32*z - 4*z = 140. Let q be v(z). Calculate the highest common factor of q and s.
43
Suppose 124*q - 28*q - 13096 - 8408 = 0. What is the highest common factor of 512 and q?
32
Let f = 454 + -452. Suppose f*i = -4*v + 3*i + 2703, 5*v = -4*i + 3363. What is the greatest common factor of v and 150?
75
Let t be (2 - (-50)/(-15)) + (-8)/(-6). Let w be 6*(t + -1 - -3). What is the highest common divisor of 102 and w?
6
Suppose -4777*f - 125649 = -4786*f. What is the highest common divisor of 46 and f?
23
Let l(q) = -468*q - 832. Let j be l(-16). Calculate the greatest common factor of j and 52.
52
Let j = 1572 + -1548. What is the highest common divisor of j and 1176?
24
Suppose -22*t = -26*t + 2*o + 294, 6*t - o = 427. What is the highest common divisor of t and 15715?
35
Let a be (-5 + 4)*8/2 - -29. Suppose 5*p - b - 25 = 0, 4*p - 2*p - 5*b = -13. Let k be 38/p - (-4)/(-3). What is the greatest common divisor of k and a?
5
Let q = 0 + 2. Suppose -5*n - q*f = f - 3, -2*n - 5*f + 5 = 0. Suppose n = y + 2*a - 16, -8*a + 15 = -3*a. Calculate the greatest common divisor of y and 8.
2
Let q(w) = -79*w - 6. Let c = -37 + 34. Let r be q(c). Suppose 5 = a - 16. Calculate the highest common factor of r and a.
21
Let p(c) = 33*c**2 + 236*c - 60. Let l be p(-18). What is the greatest common divisor of 42 and l?
42
Suppose -4*t - 14*z + 7917 = -11*z, 0 = 2*z - 14. What is the greatest common divisor of 798 and t?
42
Let r(z) = -z**2 - 2*z - 55. Let p be r(7). Let m = p - -139. Calculate the highest common factor of 3 and m.
3
Suppose 0*i + 400 = 5*i. Suppose 10*w - 768 = 1165 - 733. Calculate the highest common factor of w and i.
40
Let q = 18419 + -17159. Calculate the highest common factor of 234 and q.
18
Let k = -218 + 386. Let o = -260 - -281. What is the highest common divisor of k and o?
21
Let m(o) = -17*o + 12. Let i = 105 + -114. Let d be m(i). Calculate the highest common factor of 30 and d.
15
Let c be 8/12 + 322*(-1)/(-3). Let v be (0 - -109) + (-4 - (-4 - -1)). Suppose 19*k + v = 23*k. What is the highest common divisor of c and k?
27
Let x be (7/21)/(155/19995). Let a = 279 - -452. Calculate the greatest common divisor of a and x.
43
Let s(p) = -2*p - 24. Let k be s(-14). Suppose k*h - 69 = 155. What is the highest common factor of h and 44?
4
Let w(u) = -2*u**2 + 3*u**2 + 20 + 6 + u. Let n be w(0). Suppose 0 = -4*j - 3*z + 162, -165*j - 70 = -167*j + 4*z. What is the highest common factor of n and j?
13
Suppose -17*z - 663 + 799 = 0. What is the highest common factor of z and 536?
8
Let k(q) = -2*q**2 + 18*q + 36. Let a be k(-3). Let p be ((-8)/6)/(6/(-171)). Let h = p + a. Calculate the greatest common factor of 10 and h.
2
Suppose -9*j + 4*j = 160. Suppose -28*r = -20*r + 240. Let x = r - j. Calculate the greatest common divisor of 2 and x.
2
Let a(f) = f**3 - 52*f**2 + 175*f - 157. Let d be a(49). What is the highest common divisor of d and 9234?
243
Let v(q) = q**3 + 10*q**2 - 13*q + 14. Let m be v(-10). Suppose c = -3*c + m. What is the highest common factor of c and 84?
12
Let t = -12160 - -12601. What is the greatest common divisor of t and 392?
49
Let o = -22108 - -22408. What is the greatest common divisor of 1680 and o?
60
Let y be (-22)/(-55)*((-264)/(-2) - 2). Suppose 4*a = -4*w + 1852, a = 3*w - 916 - 493. Calculate the greatest common divisor of w and y.
52
Let h be 9/(20 + -27 - (-568)/81). Calculate the highest common factor of 3 and h.
3
Let y = 3598 + -3510. What is the greatest common factor of 539 and y?
11
Let b be (-9)/(-5)*(69 - 4). Suppose 30*j = 31*j - 143. Suppose -4*h + j = 7*h. Calculate the highest common factor of b and h.
13
Let q be 7 - (-2 - 6/(-3)). Calculate the highest common divisor of 4137 and q.
7
Let x(k) = -k**3 + 41*k**2 - 379*k + 35. Let a be x(14). Calculate the highest common factor of a and 903.
21
Let z = 31 - -27. Suppose -28 + z = 6*q. What is the highest common factor of 12 and q?
1
Let o = -90 + 92. Suppose 0 = 2*s + 2*s + o*i - 52, 2 = -i. What is the highest common divisor of 2 and s?
2
Let b = 4 - 2. Suppose 64 = b*d + 48. What is the highest common divisor of 104 and d?
8
Let f(z) = z**3 + 12*z**2 - 19. Let m be f(-11). Suppose 0 = 4*d + m + 198. Let j be (-4)/(-10) + (-570)/d. Calculate the greatest common divisor of j and 1.
1
Let h be ((-24)/(-10) - 2)/(696/50460). Calculate the highest common factor of 2581 and h.
29
Let y(d) be the first derivative of d**4/2 - 17*d**3/3 + d**2 - 3*d - 100. Let l be y(9). What is the highest common factor of l and 60?
12
Let x(l) = 5*l - 109. Let t = -39 - -64. Let v be x(t). What is the highest common factor of 10 and v?
2
Let d(s) = 60*s + 1963. Let w be d(-16). Calculate the highest common factor of w and 17.
17
Let h(x) = -3*x - 5. Let c be h(-5). Suppose 4*r = 4*g - 692, -2*r = 10*g - 5*g - 879. What is the highest common divisor of g and c?
5
Suppose 0 = 3*s - 3 + 6, -85 = -5*v - 5*s. Let y be (-12)/v + 326/3. Let m(k) = -3*k + 76. Let o be m(24). What is the highest common factor of y and o?
4
Suppose 200*w = -2*i + 202*w + 10, 2*w + 4 = 0. S